ighest common divisor of 466604 and 1256.
628
Calculate the greatest common factor of 5389 and 17.
17
What is the highest common divisor of 50 and 9250?
50
Calculate the highest common divisor of 4550 and 347200.
350
Calculate the greatest common factor of 137 and 1771136.
137
Calculate the highest common factor of 16 and 18736.
16
What is the highest common factor of 1148 and 728?
28
Calculate the greatest common divisor of 408 and 2919512.
136
What is the highest common factor of 14335 and 125?
5
What is the greatest common factor of 7464 and 1056?
24
Calculate the highest common factor of 39 and 86385.
39
Calculate the greatest common factor of 8522 and 2.
2
Calculate the greatest common divisor of 836 and 14564.
44
What is the highest common factor of 2005973 and 10365?
691
Calculate the greatest common divisor of 1600 and 700160.
320
Calculate the greatest common factor of 30 and 7370.
10
Calculate the greatest common factor of 40 and 491390.
10
Calculate the greatest common factor of 16060 and 88.
44
Calculate the greatest common divisor of 205876 and 99.
11
What is the highest common factor of 13858 and 208?
26
What is the highest common divisor of 48 and 401550?
6
Calculate the greatest common divisor of 1955408 and 42.
14
What is the highest common divisor of 1915 and 1619707?
383
Calculate the highest common factor of 34 and 364327.
17
Calculate the greatest common divisor of 1914 and 47502.
174
What is the greatest common divisor of 12 and 780096?
12
What is the greatest common divisor of 1701 and 75159?
63
What is the highest common factor of 2491068 and 24?
12
What is the greatest common divisor of 5481 and 135459?
783
What is the highest common divisor of 226 and 1830826?
226
Calculate the greatest common divisor of 240 and 684320.
80
What is the greatest common divisor of 3015 and 58545?
45
Calculate the greatest common factor of 99076 and 238.
34
Calculate the greatest common factor of 25122 and 173958.
474
Calculate the highest common factor of 27994 and 8.
2
What is the greatest common divisor of 4368 and 44044?
364
Calculate the highest common factor of 50 and 14875525.
25
Calculate the greatest common divisor of 165 and 65325.
15
What is the highest common factor of 44124 and 108?
12
Calculate the greatest common factor of 14491 and 3033.
337
What is the highest common divisor of 1232 and 7952?
112
What is the greatest common divisor of 1053 and 96096?
39
Calculate the greatest common factor of 148912 and 1312.
656
What is the highest common divisor of 687 and 37556?
229
Calculate the highest common factor of 938 and 7434.
14
What is the greatest common divisor of 144001 and 52?
13
What is the greatest common factor of 40121 and 106?
53
Calculate the highest common divisor of 28 and 560098.
14
Calculate the highest common divisor of 198871 and 71.
71
What is the greatest common divisor of 2821897 and 13?
13
What is the highest common factor of 7542 and 2142?
18
Calculate the greatest common divisor of 1610 and 1541.
23
Calculate the greatest common factor of 872 and 376268.
436
What is the highest common factor of 12267 and 1037243?
1363
Calculate the greatest common divisor of 105962 and 8.
2
What is the greatest common factor of 56 and 2074142?
14
Calculate the highest common divisor of 183958 and 94.
94
What is the greatest common factor of 16488 and 120?
24
Calculate the highest common factor of 19154 and 610.
122
Calculate the greatest common divisor of 3220595 and 13775.
2755
What is the greatest common factor of 15 and 9447?
3
Calculate the greatest common factor of 41279 and 7.
7
Calculate the highest common factor of 63108 and 36.
36
What is the highest common factor of 969 and 753?
3
Calculate the greatest common factor of 225 and 113475.
75
Calculate the greatest common divisor of 37945 and 10.
5
Calculate the highest common factor of 1036 and 275317.
259
What is the greatest common divisor of 60 and 83274?
6
Calculate the greatest common factor of 76725 and 36.
9
What is the highest common divisor of 31244 and 28?
4
What is the greatest common divisor of 3233 and 671?
61
Calculate the greatest common divisor of 37 and 152921.
37
Calculate the greatest common divisor of 277446 and 1482.
78
Calculate the highest common divisor of 188 and 524.
4
Calculate the highest common factor of 1437480 and 12.
12
What is the highest common factor of 814881 and 447?
447
Calculate the highest common factor of 99 and 3222.
9
What is the greatest common factor of 1152 and 17832?
24
What is the highest common divisor of 16478 and 61446?
154
Calculate the highest common factor of 17591 and 49.
49
Calculate the greatest common factor of 210 and 142065.
105
Calculate the greatest common factor of 38637 and 35721.
729
Calculate the highest common factor of 16617 and 783.
87
What is the greatest common factor of 318140 and 10?
10
Calculate the greatest common divisor of 2668 and 91678.
46
Calculate the greatest common factor of 1632 and 337664.
32
What is the highest common factor of 1206 and 2502?
18
Calculate the highest common divisor of 665426 and 94.
94
Calculate the highest common factor of 2618 and 105077.
119
Calculate the highest common divisor of 16198 and 2047.
89
Calculate the greatest common factor of 33796 and 1190.
238
Calculate the greatest common divisor of 100 and 805760.
20
Calculate the greatest common divisor of 1620 and 17604.
108
What is the greatest common divisor of 12624 and 262474?
526
Calculate the greatest common divisor of 523 and 276667.
523
Calculate the highest common factor of 1461552 and 96.
48
Calculate the highest common factor of 235365 and 3570.
255
What is the highest common divisor of 24065 and 125?
5
What is the highest common divisor of 172 and 184126?
86
What is the greatest common divisor of 114383 and 78037?
1069
Calculate the greatest common factor of 95 and 535439.
19
Calculate the highest common factor of 16988 and 372.
124
Calculate the highest common divisor of 49 and 11711.
49
What is the highest common divisor of 38 and 291555?
19
Calculate the greatest common factor of 89773 and 8390.
839
What is the greatest common factor of 31332 and 1276?
4
Calculate the greatest common factor of 110222 and 126.
14
What is the highest common divisor of 285918 and 42?
6
What is the greatest common factor of 1212802 and 122?
122
What is the greatest common divisor of 32121 and 70218?
747
Calculate the highest common factor of 13861 and 32287.
83
Calculate the highest common factor of 1408 and 10384.
176
What is the highest common divisor of 37771 and 1391?
107
What is the greatest common factor of 11088 and 6678?
126
What is the highest common factor of 24192 and 567?
189
Calculate the highest common divisor of 39 and 49504.
13
What is the greatest common factor of 12 and 93828?
12
What is the greatest common divisor of 2656 and 37536?
32
Calculate the greatest common divisor of 1339617 and 153.
51
What is the highest common factor of 574 and 25010?
82
Calculate the greatest common factor of 56 and 5983992.
56
What is the highest common factor of 116 and 24?
4
Calculate the greatest common divisor of 240 and 437730.
30
Calculate the highest common factor of 1186332 and 116.
116
What is the greatest common factor of 41832 and 224?
56
What is the highest common factor of 168232 and 272?
136
What is the highest common factor of 10652 and 32?
4
Calculate the highest common divisor of 765030 and 35.
35
What is the highest common factor of 1363803 and 11312?
707
What is the highest common factor of 2385 and 1296?
9
Calculate the greatest common factor of 115947 and 117.
117
What is the highest common factor of 12026077 and 7?
7
Calculate the greatest common divisor of 7 and 363083.
7
Calculate the highest common factor of 51067 and 14941.
223
Calculate the greatest common divisor of 399 and 2790473.
133
What is the highest common factor of 14 and 559132?
14
What is the highest common factor of 10 and 204730?
10
What is the highest common divisor of 3813 and 1488?
93
What is the greatest common divisor of 550 and 13090?
110
What is the greatest common divisor of 1359 and 4530?
453
What is the highest common divisor of 595 and 2465?
85
What is the greatest common factor of 109839 and 20539?
893
What i